 (-15 + 39))?
10
(6 - -2) + (401 - 368) - (-11 - (-1 + -1))
50
What is -35 + -78 + 32 + 29?
-52
717 - 745 - ((0 - 14) + (1 - 0))
-15
What is the value of -2875 - -2869 - (-2 + 14)?
-18
2 + 8 - (-12 + 3 + (-35 - (-48 + 3)))
9
-67 + 61 + -10 + 69
53
Calculate -17 - (-30 + 14) - ((10 - 18 - 59) + -8).
74
Calculate 1 + (-2 - -1 - 86) - (150183 + -150195).
-74
(9 - (-4 - (4 - 6))) + (39 - -35 - 44)
41
What is (-28 - 21 - -33 - (1 - 30)) + -48?
-35
Evaluate -101 - (14 - 2 - (3 - (-4 + -8))).
-98
What is the value of 82 + 1 - (8063 + -7995)?
15
Calculate 4 - (-23 + (17 - -6)) - (-24 + -1).
29
What is (12 - (47 - 26)) + 10 - (-1 - -1 - 72)?
73
Calculate 5 - -4 - (21 - 28) - (-119 + 35).
100
Evaluate (1 - 31) + (-37 - (-63 + 4)) - (-29 - 1).
22
(1 - -21) + (251 - (268 - 52))
57
Calculate -46 + -9 - (-553 - -549).
-51
Calculate (-42 - (-82 - 0)) + 75.
115
Evaluate (-2 - 33) + (129 - -40 - 128).
6
Calculate 79 - (6 + 75) - 113.
-115
Calculate (-1 + 8 - (-258 + 255)) + -2 + -17 + 29.
20
3 + -12 - (-10 + 28 - -1 - 62)
34
Evaluate 27 + -17 + 8 + 8 + (2 - -5) + 3.
36
Calculate (9 + (-15 - -8) - (-9 + 1 + 1)) + -69.
-60
Evaluate 78 + ((-17 - -29) + -30 - -2).
62
What is the value of -41 - (1 + 0 + 0 + -837 + 854)?
-59
What is the value of (15 - (-24 + (-19 - -56))) + 10?
12
Evaluate 1 + 14 + (-2 + -85 - (-156 + 134)) + 4.
-46
Calculate -2 - -69 - (22 + -3 + (-26 - (-22 - -7))).
59
-310 + 182 - (-156 - -31)
-3
Evaluate (-23 - -5) + 28 + -25 + (63 - 1).
47
Evaluate -66 - (-1 + (-2 - (-4 - (11 - (-4 + 26))))).
-56
-36 - ((-11 - -27) + -1 - (35 + -18))
-34
Calculate -8 + -4 + (28 - (24 + -18)).
10
What is the value of (0 - -34) + -60 - -14?
-12
What is the value of -3 - -77 - (4 + (14 + -21 - -9 - 17))?
85
What is the value of -13 - (-15 + (-13 - -19) - 31)?
27
Calculate (3 + -10 - -3) + (6 - 15) + -25.
-38
Calculate (-37 - -4) + -2 + 7 + -26.
-54
Evaluate 2116 + -2203 - ((-3 + 7 - -8) + -2).
-97
Calculate 19 + -2 + -17 - (8 - (10 + (12 - 4))).
10
What is (1548 - 1545) + (0 - (-1 + 43))?
-39
What is the value of 14 + -18 + (2 - -15 - 15)?
-2
What is (-134 - -93 - (-19 + (2 - 0))) + 14?
-10
141 + -124 + (3 - (-7 - -4)) - 93
-70
Evaluate -7 - ((17 - 19) + (3 - (2 - 9)) - 6).
-9
What is the value of -7 + -73 + -50 + -3 + 44?
-89
Calculate (17 - (-21 + 3 + 28)) + -11 - (-46 - -1).
41
What is 50 - (15 - (-124 - -67))?
-22
What is the value of -2833 + 2836 + -1 + -20?
-18
(-312 - -265) + (7 + 2 - 3)
-41
Evaluate 26 + (35 + -20 - 5 - -4).
40
What is the value of 12 + 2 + (15 - (-1 + -9) - 22)?
17
58 - (-9 - 7 - -126)
-52
Calculate 16 + (41 - 29) - 25 - (-3 + 1 - 24).
29
Evaluate -86 - (-85 - -18) - (-1 - 65) - -13.
60
What is (-39 - -107 - 164) + 55?
-41
-55 + 1 - (-113 + (-167 - -251))
-25
What is the value of (4 - (-3 - -5)) + -7 - (-66 - (-23 - -11))?
49
What is 48 - (-57 - -58 - -57)?
-10
Evaluate -11166 + 11254 - (-1 + 176).
-87
What is the value of (11 - -2) + (11 + 81 - 69)?
36
What is (1 - (5 - 5) - 12) + 0 + 31?
20
1 + (17 - (8 + -7) - 64 - -15)
-32
Calculate -126 + -15 + 32 + 120.
11
-7 - (-5 - (-9 + 9)) - (-17 - -1)
14
Calculate -13 + 9 + -105 - (-10 - (18 - 37)).
-118
Evaluate (-21 - 7) + 69 + (-12 - -8).
37
Calculate -138 + 175 - (12 - -13).
12
3534 - 3506 - (-106 + 3)
131
What is the value of 8 - (67 + -44) - (-11 - -3)?
-7
What is 36 - 13 - -6 - 24 - -1 - (123 + 1)?
-118
-633 - -561 - (43 - 12)
-103
Calculate -15 + (19 - 4 - 0) - -25.
25
What is -2 + 80 + -1279 + 1235?
34
What is -71 + ((2 - (15 - (-6 - -9))) + 13 - -4)?
-64
What is (-10 + (19 - 12) - (-35 - -2)) + 7?
37
-6 - (-104 + 83 + (-3 - (-16 - 1)) - 7)
8
What is the value of 63 + -106 + (58 - -14)?
29
What is the value of -345 - -326 - (-2 + -48)?
31
Calculate 53 + -111 - -41 - -26.
9
Calculate -32 - (-93 + -6 + 46 + 44).
-23
(-33 - ((-70 - -11) + 28)) + 1 + 1
0
0 + 18 - 3 - ((57 - 11) + -12)
-19
Calculate -8 + (-33 - (2 + (6 - 9) - -15)).
-55
What is the value of -615 + 598 + 1 + -3 + 3 + 5 + 0?
-11
-119 - (-102 + 34 + 33 - -36)
-120
-31 - (485 + -577 + -43 + 5)
99
Calculate 41 - (-2 + (40 - -1)).
2
Calculate -3 + (28 + -13 + -9 - (14 - 58)).
47
What is (14 - -2 - 27) + -23 + (11 - 3)?
-26
(30 + 0 - (20 - 1)) + -1 + -70 + -1
-61
Evaluate -6 + 2 + 19 + (23 - -4).
42
What is -19 + (-126 - -116) + 82?
53
What is the value of 22 + (-2 - -9) + -134 + 154?
49
Calculate -27 + (4 - 0 - ((47 - 28) + 0)).
-42
What is (6 - 1) + 123 - (821 - 790)?
97
Evaluate 11 + -18 + 29 + (-11 + 11 - -1).
23
28 - -1 - (-5611 - -5659)
-19
Evaluate -43 - (-15 - (-3 + -7) - -6).
-44
Calculate -57 - ((20 - 2) + 5) - (-9 - -1) - -8.
-64
What is the value of 13 + -7 + -16 + 2 - -6?
-2
Calculate 3 + -15 - (0 - (-12 - (-19 - -6))).
-11
Calculate (-131 - -97) + (19 - -12).
-3
Calculate -3 + -15 - 11 - (47 + -61 - (0 + 1)).
-14
What is the value of -1 - (0 - (1 - -5)) - (167 + -41 + -57)?
-64
What is -11 - -124 - (134 + -62)?
41
What is the value of 29 + (1 + (-9 - -20) - -11)?
52
(-1610 - -1586 - (-124 + 1)) + (-1 - (0 + -6))
104
-1 + -72 + -1 - (1784 + -1803)
-55
-11 + 3 - (33 - -15)
-56
-36 + (106 - 79) - 12
-21
Calculate 9 - (47 - (128 - 51)).
39
Evaluate -5 - -6 - 49 - (24 + -23 + 16).
-65
Calculate ((1 - -4) + 9 - 1) + (-17 - 17).
-21
Calculate 0 - -88 - (2 + -4) - (-65 - (152 + -222)).
85
Calculate 2 + -50 - (-1 + -75).
28
What is the value of (-2 + -53 + 12 - -5) + -13 - -4?
-47
Evaluate 64 - 2 - (18 - 26) - (20 - 41).
91
(-708 - -685) + (40 - 3)
14
3 + 6 + 6 + -46 + (21 - 13)
-23
Calculate -20 + -22 + -102 + 77.
-67
29 - -11 - (3 - (-4 - 1))
32
Evaluate -5158 + 4954 + (-2 - -118).
-88
What is the value of -40 + 19 + (16 - 28) + 173?
140
Calculate -31 - (12 - ((4 - -4) + 13)).
-22
78 + 59 + -128 + (55 - 0 - (5 + -5))
64
What is the value of -52 + 1 + (1 - 5 - (-114 + 98))?
-39
What is 0 + (-41 - -73) + -42?
-10
Evaluate -6 - ((-12 - -31) + -143 + 25).
93
What is (64 + -51 - 11) + 38?
40
What is (-195 - (-120 - -93)) + 162?
-6
19 + 27 + (21 - 44) + 88 - -17
128
Calculate 203 + -217 - (2 + -21 + -1).
6
What is the value of 13 + 112 - (-6 + 3 - (-15 + (-7 - -13)))?
119
What is the value of 3 + -15 + 6 + -131 + 179?
42
What is 107 - (-65 + 8 + 7 + 95)?
62
-93 + (9 + 0 - ((20 - 57) + 49))
-96
What is 19 + -28 + 0 + 9 + 10 + 5 + 37?
52
What is the value of 21 - (-2 - -7) - ((60 - -4) + -67)?
19
-17 - (-1 + (-34 - -18) + 112) - -15
-97
What is the value of -105 - ((-5 - (15 - -2)) + (-7 - -18))?
-94
What is the value of -5 + 48 + (7 - (-59 - -88))?
21
-20 + -15 + -19 + 34 - (14 + 0)
-34
55 + (5 + (-9 - 8 - 4) - -11)
50
What is -187 + 45 + 94 + 1?
-47
Calculate 147 + -74 - (69 + 12).
-8
Calculate (-374 + 19 - -316) + -4 + 0 + 1.
-42
What is the value of (30 - (-1 + 9 + -13 + -2)) + -8?
29
(-12 - (-3 + -33)) + 4
28
-4 + (9 - 0) + (7 + -17 - -52)
47
Evaluate -6 + (-2 - (15 + -16 + 11 + -70 + 10)).
42
Calculate 12 + 8 + -74 + 58 + 1 + 8.
13
Evaluate -5 + 6 + 11 - (30 + -81 + 39).
24
Calculate 3 + -2 + 15 + 47 - (-1 - (5 + -9)).
60
What is -114 + (-18 + -36 - -45) + 8 + 1?
-114
-252 + 298 + -5 + 0 + 3
44
Evaluate -16 + (1 + 20 - 14) + 10 - -66.
67
(-1 - (4 - (-31 + 15))) + 67
46
Calculate (56 - 74) + 49 + 0.
31
Evaluate -8 + -2 - (-5 - -8 - (18 - 17)) - -92.
80
What is -6 + 18 + 17 + 48?
77
16 - (-33 - -128 - 112)
33
Calculate 11 - 5 - (-13 + (1 - 0) + (90 - 37)).
-35
Calculate (-37 - (18 - 16)) + -6.
-45
What is the value of 3 + -35 - (13 - 0 - (-2 + 10))?
-37
Evaluate 0 - -10 - (97 - 140) - (15 + -3).
41
25 + -84 + -112 - -59
-112
What is 129 + -33 + (73 - 34) + -29?
106
Calculate -22 + (113 - 87 - -34).
38
What is the value of 0 + -5 - ((-19 - 0 - (53 - 44)) + 16)?
7
-28 - (-135 + 143 + 52)
-88
Evaluate (10 - -6) + 1 + -385 + 366 - -16.
14
What is 17 + -6 + (16 - 7 - (-28 + 28))?
20
-64 - (-24 + -44 - 63)
67
Evaluate (48 - -1) + -3 - 58.
-12
Calculate -1 + 38 - (125 - 15 - 80).
7
What is the value of (-42 - 9) + 3 - -13?
-35
Calculate (69 - -11) + (-505 - -520).
95
What is (-2 - -3) + (4926 - 5026)?
-99
21 + 27 - 20 - (-8 + (-11 - -8))
39
What is 0 + 2 + 2 + (2208 - 2176)?
36
Calculate -180 + 87 + 146 - (2 + 0 + -11).
62
What is (-230 - -230) + 9 + -11?
-2
Calculate 1 + 27 + (-6 + (-14 - -3) - (2 - 9)).
18
What is -13 - (-43 + 8 + -6 + 15)?
13
What is the value of -13 + (-4 - -7) - (-77 - -17 - 18 - -15)?
53
What is the value o